 divisor of 47 and 4747?
47
What is the greatest common factor of 12 and 432?
12
Calculate the greatest common factor of 1066 and 246.
82
Calculate the greatest common factor of 481 and 26.
13
What is the highest common factor of 175 and 595?
35
Calculate the greatest common divisor of 260 and 1885.
65
Calculate the highest common factor of 17 and 3298.
17
What is the highest common factor of 294 and 784?
98
What is the greatest common factor of 32223 and 138?
69
Calculate the highest common divisor of 114 and 39.
3
What is the greatest common divisor of 108 and 732?
12
What is the highest common factor of 749 and 21?
7
Calculate the greatest common divisor of 21 and 777.
21
Calculate the highest common factor of 894 and 12.
6
What is the highest common divisor of 1140 and 12?
12
Calculate the highest common factor of 17253 and 81.
81
Calculate the greatest common factor of 40 and 12770.
10
Calculate the highest common factor of 73 and 22703.
73
Calculate the highest common divisor of 13265 and 105.
35
Calculate the highest common divisor of 506 and 92.
46
What is the highest common factor of 26 and 8918?
26
What is the highest common factor of 28 and 1057?
7
What is the greatest common factor of 10 and 85?
5
What is the greatest common factor of 2607 and 165?
33
Calculate the highest common factor of 3354 and 13.
13
Calculate the highest common divisor of 220 and 1672.
44
Calculate the highest common factor of 1003 and 119.
17
Calculate the greatest common factor of 92 and 16468.
92
What is the highest common divisor of 72 and 3141?
9
What is the greatest common factor of 171 and 18?
9
Calculate the highest common divisor of 6 and 162.
6
What is the greatest common divisor of 4071 and 23?
23
What is the greatest common factor of 2200 and 1400?
200
What is the highest common divisor of 25 and 1025?
25
What is the greatest common divisor of 650 and 1200?
50
Calculate the highest common divisor of 56 and 140.
28
Calculate the highest common factor of 6 and 32.
2
What is the highest common divisor of 48 and 36?
12
What is the highest common divisor of 78 and 1482?
78
What is the highest common divisor of 14 and 3402?
14
Calculate the greatest common factor of 42 and 282.
6
Calculate the highest common factor of 1340 and 201.
67
What is the greatest common factor of 51 and 141?
3
What is the highest common divisor of 789 and 25511?
263
Calculate the greatest common factor of 27 and 2817.
9
What is the highest common divisor of 23 and 32?
1
What is the highest common factor of 704 and 2368?
64
What is the highest common factor of 87 and 21663?
87
What is the greatest common factor of 3 and 393?
3
What is the highest common divisor of 92 and 230?
46
Calculate the highest common divisor of 24 and 208.
8
What is the highest common divisor of 1273 and 19?
19
What is the greatest common divisor of 63 and 3703?
7
Calculate the highest common factor of 847 and 77.
77
Calculate the greatest common divisor of 45 and 75015.
45
What is the highest common factor of 20 and 9830?
10
Calculate the greatest common factor of 38 and 9253.
19
Calculate the highest common factor of 39 and 481.
13
Calculate the greatest common divisor of 825 and 75.
75
Calculate the highest common divisor of 144 and 324.
36
Calculate the greatest common divisor of 912 and 128.
16
Calculate the greatest common divisor of 54 and 3474.
18
What is the greatest common factor of 8 and 102?
2
Calculate the greatest common factor of 87 and 1.
1
Calculate the greatest common divisor of 164 and 1271.
41
Calculate the greatest common factor of 414 and 23.
23
Calculate the greatest common factor of 9657 and 2088.
261
What is the highest common factor of 14 and 8701?
7
What is the highest common divisor of 10 and 27660?
10
What is the greatest common factor of 296 and 222?
74
Calculate the highest common divisor of 22 and 297.
11
Calculate the highest common factor of 18 and 513.
9
What is the highest common divisor of 280 and 14770?
70
Calculate the greatest common divisor of 100 and 300.
100
Calculate the greatest common divisor of 192 and 920.
8
What is the greatest common factor of 29 and 261?
29
Calculate the greatest common divisor of 2580 and 70.
10
What is the highest common divisor of 8351 and 21?
7
What is the highest common factor of 25 and 40?
5
Calculate the highest common factor of 8 and 8.
8
Calculate the highest common factor of 10992 and 12.
12
Calculate the greatest common divisor of 17244 and 36.
36
Calculate the highest common divisor of 339 and 6.
3
What is the greatest common factor of 26248 and 193?
193
Calculate the greatest common factor of 48 and 30.
6
Calculate the greatest common divisor of 16 and 42736.
16
What is the highest common divisor of 144 and 990?
18
Calculate the highest common factor of 54 and 7398.
54
Calculate the greatest common factor of 476 and 221.
17
Calculate the greatest common factor of 403 and 13.
13
Calculate the greatest common divisor of 629 and 259.
37
What is the highest common divisor of 80 and 608?
16
What is the highest common factor of 630 and 4473?
63
Calculate the greatest common divisor of 3107 and 39.
13
Calculate the greatest common divisor of 2134 and 8.
2
What is the greatest common divisor of 17466 and 984?
246
What is the highest common factor of 777 and 9?
3
Calculate the highest common factor of 51 and 68.
17
Calculate the greatest common factor of 117 and 13.
13
Calculate the highest common divisor of 3 and 96.
3
What is the highest common divisor of 144 and 2628?
36
What is the highest common factor of 21615 and 165?
165
What is the highest common divisor of 2825 and 113?
113
What is the highest common divisor of 143 and 110?
11
Calculate the highest common divisor of 105 and 45.
15
Calculate the greatest common divisor of 216 and 162.
54
Calculate the greatest common divisor of 1209 and 279.
93
Calculate the highest common factor of 35260 and 10.
10
Calculate the greatest common divisor of 3040 and 64.
32
What is the highest common divisor of 646 and 76?
38
What is the highest common factor of 12 and 396?
12
What is the greatest common divisor of 117 and 333?
9
What is the greatest common factor of 598 and 650?
26
What is the greatest common divisor of 272 and 578?
34
Calculate the highest common divisor of 413 and 35.
7
Calculate the highest common divisor of 9 and 2979.
9
Calculate the highest common divisor of 32 and 4.
4
What is the highest common factor of 176 and 144?
16
Calculate the greatest common factor of 44 and 5192.
44
Calculate the highest common factor of 17164 and 28.
28
What is the highest common factor of 714 and 42?
42
Calculate the greatest common factor of 667 and 145.
29
Calculate the greatest common divisor of 242 and 847.
121
Calculate the greatest common divisor of 30 and 110.
10
What is the highest common factor of 13748 and 7?
7
Calculate the highest common factor of 247 and 1216.
19
Calculate the greatest common factor of 138 and 8142.
138
What is the highest common divisor of 504 and 714?
42
What is the highest common divisor of 72 and 90?
18
What is the greatest common divisor of 137 and 1781?
137
Calculate the greatest common factor of 96 and 512.
32
Calculate the greatest common factor of 37 and 407.
37
Calculate the highest common divisor of 75 and 75.
75
Calculate the greatest common divisor of 304 and 266.
38
Calculate the highest common divisor of 90 and 6354.
18
What is the highest common divisor of 1106 and 56?
14
What is the greatest common factor of 23890 and 10?
10
Calculate the highest common factor of 32 and 304.
16
What is the highest common factor of 88 and 64?
8
What is the highest common divisor of 50 and 30?
10
What is the greatest common factor of 357 and 329?
7
What is the greatest common divisor of 3434 and 202?
202
Calculate the greatest common divisor of 430 and 20.
10
Calculate the highest common factor of 775 and 650.
25
Calculate the greatest common divisor of 35 and 77.
7
Calculate the greatest common factor of 2685 and 15.
15
Calculate the greatest common divisor of 21541 and 13.
13
Calculate the greatest common divisor of 86 and 4.
2
Calculate the greatest common factor of 1781 and 182.
13
What is the greatest common factor of 6715 and 765?
85
What is the greates